 to base 13.
c1
10 (base 2) to base 11
2
Convert -4 (base 16) to base 6.
-4
What is 5 (base 13) in base 6?
5
What is 434 (base 6) in base 2?
10100110
-2 (base 8) to base 2
-10
Convert -11 (base 16) to base 11.
-16
What is -224 (base 6) in base 12?
-74
a (base 16) to base 14
a
What is -2c (base 14) in base 2?
-101000
Convert 2 (base 15) to base 12.
2
2 (base 13) to base 14
2
What is -2 (base 14) in base 8?
-2
-1111 (base 2) to base 6
-23
Convert 101 (base 5) to base 11.
24
Convert -13 (base 13) to base 4.
-100
What is 0 (base 3) in base 8?
0
6 (base 8) to base 3
20
Convert 173 (base 8) to base 9.
146
-2 (base 11) to base 15
-2
What is 117 (base 14) in base 15?
e7
4 (base 10) to base 6
4
Convert -8 (base 14) to base 11.
-8
What is -10001 (base 3) in base 4?
-1102
What is 114 (base 5) in base 10?
34
Convert -49 (base 15) to base 9.
-76
Convert 13 (base 8) to base 9.
12
1 (base 14) to base 16
1
Convert 131 (base 5) to base 12.
35
Convert 0 (base 4) to base 3.
0
440 (base 6) to base 9
206
Convert -46 (base 11) to base 10.
-50
What is -10 (base 11) in base 4?
-23
-5 (base 10) to base 8
-5
Convert -2d (base 14) to base 2.
-101001
What is -80 (base 10) in base 6?
-212
Convert 11 (base 4) to base 12.
5
Convert 1 (base 12) to base 13.
1
What is -13 (base 15) in base 10?
-18
Convert 0 (base 12) to base 6.
0
Convert 5 (base 10) to base 15.
5
103 (base 13) to base 16
ac
-101 (base 3) to base 10
-10
-b9 (base 13) to base 3
-12122
Convert 10 (base 14) to base 9.
15
What is -76 (base 14) in base 15?
-6e
Convert 32 (base 6) to base 14.
16
Convert -4 (base 13) to base 2.
-100
3 (base 13) to base 9
3
What is -42 (base 11) in base 5?
-141
What is 114 (base 9) in base 13?
73
What is -110 (base 2) in base 4?
-12
What is 3 (base 14) in base 10?
3
36 (base 10) to base 14
28
What is 1 (base 6) in base 4?
1
Convert -d (base 14) to base 8.
-15
What is -3 (base 13) in base 6?
-3
What is 4 (base 7) in base 13?
4
1a (base 11) to base 6
33
-24 (base 6) to base 9
-17
What is 221 (base 5) in base 11?
56
Convert 22 (base 10) to base 7.
31
Convert -8 (base 13) to base 16.
-8
What is -2 (base 4) in base 10?
-2
Convert 1 (base 5) to base 10.
1
114 (base 9) to base 12
7a
What is -1 (base 6) in base 15?
-1
Convert 0 (base 3) to base 15.
0
1 (base 15) to base 4
1
What is a (base 16) in base 9?
11
Convert -1 (base 15) to base 8.
-1
-1101 (base 3) to base 10
-37
Convert 8 (base 13) to base 9.
8
-11 (base 4) to base 12
-5
Convert -af (base 16) to base 10.
-175
What is 11 (base 7) in base 3?
22
What is 10000111 (base 2) in base 5?
1020
-110 (base 5) to base 11
-28
Convert 10 (base 8) to base 15.
8
Convert 31 (base 9) to base 6.
44
What is -202 (base 4) in base 15?
-24
Convert 10 (base 2) to base 14.
2
5 (base 9) to base 15
5
Convert 1101 (base 3) to base 15.
27
What is -34 (base 7) in base 15?
-1a
Convert 2 (base 11) to base 12.
2
Convert -74 (base 11) to base 10.
-81
Convert 110000 (base 2) to base 16.
30
Convert -47 (base 14) to base 9.
-70
What is 1020 (base 3) in base 5?
113
-2 (base 12) to base 8
-2
Convert -40 (base 12) to base 5.
-143
What is 1111111 (base 2) in base 5?
1002
What is -f (base 16) in base 14?
-11
a (base 15) to base 4
22
What is 24 (base 15) in base 11?
31
What is -17 (base 12) in base 5?
-34
Convert -11 (base 2) to base 6.
-3
What is 212 (base 7) in base 6?
255
211 (base 3) to base 15
17
Convert 24 (base 13) to base 7.
42
Convert -144 (base 5) to base 4.
-301
Convert -2 (base 5) to base 11.
-2
What is 1 (base 6) in base 16?
1
Convert -20 (base 4) to base 16.
-8
1401 (base 5) to base 9
271
Convert 49 (base 10) to base 2.
110001
What is -124 (base 16) in base 9?
-354
Convert -1320 (base 6) to base 3.
-110110
101110 (base 2) to base 3
1201
Convert -10 (base 3) to base 5.
-3
-84 (base 14) to base 11
-a6
Convert -110 (base 2) to base 11.
-6
Convert -143 (base 10) to base 7.
-263
-1011 (base 2) to base 9
-12
Convert 127 (base 10) to base 3.
11201
-1c (base 14) to base 8
-32
-21 (base 8) to base 9
-18
What is 322 (base 4) in base 6?
134
-3 (base 10) to base 15
-3
-11 (base 7) to base 12
-8
Convert 24 (base 5) to base 7.
20
-4 (base 15) to base 9
-4
-163 (base 10) to base 3
-20001
What is -59 (base 11) in base 14?
-48
What is -102 (base 8) in base 4?
-1002
What is -1100100 (base 2) in base 14?
-72
What is 0 (base 16) in base 14?
0
6 (base 13) to base 14
6
Convert 2 (base 15) to base 3.
2
What is 3 (base 6) in base 11?
3
What is -10 (base 14) in base 3?
-112
Convert -10101 (base 3) to base 5.
-331
-7 (base 13) to base 5
-12
2 (base 5) to base 15
2
15 (base 16) to base 13
18
What is -b5 (base 12) in base 14?
-9b
Convert -18 (base 10) to base 9.
-20
Convert 18d (base 15) to base 13.
217
What is 564 (base 7) in base 16?
123
46 (base 14) to base 15
42
What is -101 (base 3) in base 6?
-14
11 (base 7) to base 14
8
What is 4 (base 15) in base 12?
4
Convert 3 (base 7) to base 6.
3
-55 (base 6) to base 8
-43
What is -c (base 14) in base 9?
-13
-23 (base 10) to base 4
-113
Convert 13 (base 7) to base 11.
a
Convert 1121 (base 3) to base 9.
47
-111 (base 4) to base 8
-25
Convert 13 (base 9) to base 10.
12
What is -13 (base 5) in base 4?
-20
-22 (base 9) to base 6
-32
What is -90 (base 12) in base 10?
-108
34 (base 6) to base 3
211
Convert -21 (base 8) to base 16.
-11
-14 (base 7) to base 13
-b
What is 30 (base 11) in base 13?
27
0 (base 11) to base 7
0
Convert 22 (base 9) to base 5.
40
Convert 2d (base 14) to base 12.
35
18 (base 12) to base 13
17
Convert -1 (base 10) to base 8.
-1
Convert 65 (base 7) to base 15.
32
132 (base 7) to base 13
57
What is -14 (base 14) in base 9?
-20
312 (base 6) to base 9
138
Convert 12 (base 9) to base 3.
102
111000 (base 2) to base 5
211
-1 (base 11) to base 13
-1
Convert 1010 (base 2) to base 3.
101
What is -14 (base 9) in base 13?
-10
What is -88 (base 11) in base 13?
-75
Convert a3 (base 14) to base 12.
bb
What is -1011 (base 2) in base 10?
-11
What is -4 (base 11) in base 4?
-10
Convert -250 (base 10) to base 4.
-3322
-9 (base 11) to base 15
-9
Convert 20 (base 13) to base 3.
222
What is -44 (base 13) in base 5?
-211
Convert -22 (base 5) to base 15.
-c
What is -5 (base 13) in base 3?
-12
Convert 113 (base 5) to base 6.
53
What is 3 (base 9) in base 12?
3
Convert 1a (base 16) to base 5.
101
a9 (base 11) to base 8
167
What is -1 (base 11) in base 6?
-1
Convert -25 (base 10) to base 8.
-31
What is -110011 (base 2) in base 16?
-33
What is -20011 (base 3) in base 16?
-a6
What is 1223 (base 5) in base 13?
116
Convert 1 (base 7) to base 2.
1
-3 (base 16) to base 8
-3
0 (base 4) to base 8
0
What is 1 (base 4) in base 8?
1
Convert -1b2 (base 12) to base 15.
-138
Convert a (base 16) to base 14.
a
Convert -10011110 (base 2) to base 15.
-a8
What is -27 (base 15) in base 16?
-25
Convert 10010101 (base 2) to base 13.
b6
What is -5 (base 10) in base 9?
-5
15 (base 6) to base 8
13
Convert 30 (base 4) to base 12.
10
23 (base 13) to base 8
35
Convert -151 (base 11) to base 5.
-1202
Convert 2 (base 4) to base 3.
2
What is -6 (base 9) in base 7?
-6
Convert 226 (base 12) to base 8.
476
What is 10 (base 5) in base 10?
5
What is -111 (base 2) in base 11?
-7
Convert -212 (base 7) to base 4.
-1223
What is -63 (base 11) in base 14?
-4d
What is 21 (base 11) in base 6?
35
20001 (base 3) to base 11
139
What is 1 (base 12) in base 2?
1
5 (base 6) to base 2
101
6 (base 15) to base 16
6
-4 (base 16) to base 2
-100
1100 (base 2) to base 6
20
Convert -2 (base 11) to base 12.
-2
What is -1211 (base 3) in base 12?
-41
Convert 12 (base 12) to base 10.
14
Convert -13 (base 8) to base 15.
-b
Convert -2a (base 12) to base 7.
-46
Convert 4 (base 11) to base 6.
4
Convert 10 (base 5) to base 9.
5
Convert -2 (base 5) to base 2.
-10
1 (base 13) to base 2
1
What is -1 (base 10) in base 11?
-1
Convert -2230 (base 4) to base 9.
-211
What is -52 (base 12) in base 15?
-42
What is 104 (base 5) in base 11?
27
What is -27 (base 8) in base 3?
-212
Convert -8 (base 10) to base 12.
-8
Convert 10 (base 14) to base 6.
22
-13 (base 14) to base 2
-10001
What is -13 (base 9) in base 12?
-10
-4a (base 16) to base 15
-4e
-23 (base 6) to base 5
-30
-24 (base 7) to base 12
-16
What is 100211 (base 3) in base 16?
109
-5 (base 13) to base 12
-5
Convert -40 (base 14) to base 12.
-48
33 (base 7) to base 12
20
Co